{"id":86,"date":"2023-11-27T21:38:05","date_gmt":"2023-11-27T21:38:05","guid":{"rendered":"http:\/\/steaklik.com\/?post_type=product&#038;p=86"},"modified":"2023-11-27T22:21:40","modified_gmt":"2023-11-27T22:21:40","slug":"arrachera","status":"publish","type":"product","link":"https:\/\/steaklik.com\/index.php\/producto\/arrachera\/","title":{"rendered":"Arrachera"},"content":{"rendered":"<p><span style=\"font-weight: 400;\">Arrachera congelada color rojizo con pulpa y grasa color cremoso o blanquecino, etiquetada individualmente.<\/span><\/p>\n<p><span style=\"font-weight: 400;\">Steak de color rosa a rojizo, libre de da\u00f1os superficiales, materia extra\u00f1a y da\u00f1o por frio; sin signos de descongelamiento y empaquetado al alto vac\u00edo.<\/span><\/p>\n","protected":false},"excerpt":{"rendered":"<p>Arrachera congelada color rojizo con pulpa y grasa color cremoso o blanquecino, etiquetada individualmente. Steak de color rosa a rojizo, libre de da\u00f1os superficiales, materia extra\u00f1a y da\u00f1o por frio; sin signos de descongelamiento y empaquetado al alto vac\u00edo.<\/p>\n","protected":false},"featured_media":146,"comment_status":"open","ping_status":"closed","template":"","meta":{"_eb_attr":""},"product_cat":[15],"product_tag":[],"class_list":{"0":"post-86","1":"product","2":"type-product","3":"status-publish","4":"has-post-thumbnail","6":"product_cat-sin-categorizar","8":"entry","9":"has-media","11":"first","12":"instock","13":"shipping-taxable","14":"purchasable","15":"product-type-variable","16":"has-product-nav","17":"col","18":"span_1_of_3","19":"owp-content-center","20":"owp-thumbs-layout-horizontal","21":"owp-btn-normal","22":"owp-tabs-layout-horizontal","23":"has-no-thumbnails"},"_links":{"self":[{"href":"https:\/\/steaklik.com\/index.php\/wp-json\/wp\/v2\/product\/86","targetHints":{"allow":["GET"]}}],"collection":[{"href":"https:\/\/steaklik.com\/index.php\/wp-json\/wp\/v2\/product"}],"about":[{"href":"https:\/\/steaklik.com\/index.php\/wp-json\/wp\/v2\/types\/product"}],"replies":[{"embeddable":true,"href":"https:\/\/steaklik.com\/index.php\/wp-json\/wp\/v2\/comments?post=86"}],"version-history":[{"count":1,"href":"https:\/\/steaklik.com\/index.php\/wp-json\/wp\/v2\/product\/86\/revisions"}],"predecessor-version":[{"id":148,"href":"https:\/\/steaklik.com\/index.php\/wp-json\/wp\/v2\/product\/86\/revisions\/148"}],"wp:featuredmedia":[{"embeddable":true,"href":"https:\/\/steaklik.com\/index.php\/wp-json\/wp\/v2\/media\/146"}],"wp:attachment":[{"href":"https:\/\/steaklik.com\/index.php\/wp-json\/wp\/v2\/media?parent=86"}],"wp:term":[{"taxonomy":"product_cat","embeddable":true,"href":"https:\/\/steaklik.com\/index.php\/wp-json\/wp\/v2\/product_cat?post=86"},{"taxonomy":"product_tag","embeddable":true,"href":"https:\/\/steaklik.com\/index.php\/wp-json\/wp\/v2\/product_tag?post=86"}],"curies":[{"name":"wp","href":"https:\/\/api.w.org\/{rel}","templated":true}]}}